{"id":10268,"date":"2026-08-24T12:16:06","date_gmt":"2026-08-24T10:16:06","guid":{"rendered":"https:\/\/my.onartline.com\/haftungsausschluss\/"},"modified":"2026-08-26T17:34:49","modified_gmt":"2026-08-26T15:34:49","slug":"isencao-de-responsabilidade","status":"publish","type":"page","link":"https:\/\/my.onartline.com\/pt-br\/isencao-de-responsabilidade\/","title":{"rendered":"Isen\u00e7\u00e3o de responsabilidade"},"content":{"rendered":"<section class=\"l-section wpb_row height_large\"><div class=\"l-section-h i-cf\"><div class=\"g-cols vc_row via_grid cols_1 laptops-cols_inherit tablets-cols_inherit mobiles-cols_1 valign_top type_default stacking_default\"><div class=\"wpb_column vc_column_container\"><div class=\"vc_column-inner\"><h1 class=\"w-text\"><span class=\"w-text-h\"><span class=\"w-text-value\">Aviso de isen\u00e7\u00e3o de responsabilidade<\/span><\/span><\/h1><div class=\"w-separator size_medium\"><\/div><div class=\"wpb_text_column\"><div class=\"wpb_wrapper\"><h3>Responsabilidade pelo conte\u00fado<\/h3>\n<p> Como prestador de servi\u00e7os, somos respons\u00e1veis pelo conte\u00fado pr\u00f3prio dessas p\u00e1ginas de acordo com as leis gerais, conforme o \u00a7 7, par\u00e1grafo 1 do TMG. No entanto, de acordo com os \u00a7\u00a7 8 a 10 do TMG, como prestador de servi\u00e7os, n\u00e3o estamos obrigados a monitorar informa\u00e7\u00f5es de terceiros transmitidas ou armazenadas, nem a investigar circunst\u00e2ncias que indiquem atividades ilegais.<br \/>\nAs obriga\u00e7\u00f5es de remo\u00e7\u00e3o ou bloqueio do uso de informa\u00e7\u00f5es de acordo com as leis gerais permanecem inalteradas. No entanto, qualquer responsabilidade nesse sentido s\u00f3 \u00e9 poss\u00edvel a partir do momento em que tomamos conhecimento de uma viola\u00e7\u00e3o legal concreta. Ao tomarmos conhecimento de tais viola\u00e7\u00f5es, removeremos imediatamente esse conte\u00fado.<\/p>\n<\/div><\/div><div class=\"w-separator size_medium\"><\/div><div class=\"wpb_text_column\"><div class=\"wpb_wrapper\"><h3>Responsabilidade pelo plugin<\/h3>\n<p> O plugin do WordPress fornecido <em>Onartline Multisite Domain Mapping<\/em> \u00e9 fornecido sem qualquer garantia, expressa ou impl\u00edcita. Isso inclui, mas n\u00e3o se limita a, a garantia impl\u00edcita de comercializa\u00e7\u00e3o, adequa\u00e7\u00e3o a um prop\u00f3sito espec\u00edfico e n\u00e3o viola\u00e7\u00e3o de direitos de terceiros.<br \/>\nO autor n\u00e3o se responsabiliza, em nenhum caso, por danos diretos, indiretos, incidentais, especiais ou consequenciais decorrentes do uso ou da impossibilidade de uso do plugin. Isso se aplica mesmo que o autor tenha sido informado sobre a possibilidade de tais danos.<\/p>\n<\/div><\/div><div class=\"w-separator size_medium\"><\/div><div class=\"wpb_text_column\"><div class=\"wpb_wrapper\"><h3>N\u00e3o constitui consultoria jur\u00eddica<\/h3>\n<p> As informa\u00e7\u00f5es contidas neste site e no plugin referem-se exclusivamente ao uso t\u00e9cnico do WordPress Multisite e do mapeamento de dom\u00ednios. Elas n\u00e3o constituem consultoria jur\u00eddica, tribut\u00e1ria ou profissional de qualquer tipo \u2013 por exemplo, em rela\u00e7\u00e3o a obriga\u00e7\u00f5es de aviso legal, prote\u00e7\u00e3o de dados ou quest\u00f5es de direito de marcas relacionadas ao uso de v\u00e1rios dom\u00ednios. Para uma implementa\u00e7\u00e3o juridicamente segura, recomendamos que voc\u00ea consulte, se necess\u00e1rio, um profissional especializado ou um escrit\u00f3rio de advocacia.<\/p>\n<\/div><\/div><div class=\"w-separator size_medium\"><\/div><div class=\"wpb_text_column\"><div class=\"wpb_wrapper\"><\/p>\n<h3>Responsabilidade por links<\/h3>\n<p> Nossa oferta cont\u00e9m links para sites externos de terceiros, sobre cujo conte\u00fado n\u00e3o temos qualquer influ\u00eancia. Por isso, n\u00e3o podemos assumir qualquer garantia para esse conte\u00fado de terceiros. O respectivo fornecedor ou operador das p\u00e1ginas vinculadas \u00e9 sempre respons\u00e1vel pelo conte\u00fado das p\u00e1ginas vinculadas. As p\u00e1ginas vinculadas foram verificadas quanto a poss\u00edveis viola\u00e7\u00f5es legais no momento da vincula\u00e7\u00e3o. Nenhum conte\u00fado ilegal era identific\u00e1vel no momento da vincula\u00e7\u00e3o.<br \/>\nNo entanto, um controle permanente do conte\u00fado das p\u00e1ginas vinculadas n\u00e3o \u00e9 razo\u00e1vel sem ind\u00edcios concretos de uma viola\u00e7\u00e3o legal. Ao tomarmos conhecimento de viola\u00e7\u00f5es legais, removeremos imediatamente esses links.<\/p>\n<\/div><\/div><div class=\"w-separator size_medium\"><\/div><div class=\"wpb_text_column\"><div class=\"wpb_wrapper\"><h3>Direitos de autor<\/h3>\n<p> O plugin est\u00e1 licenciado sob a GPL v2. Este plugin \u00e9 um projeto pessoal (hobby). N\u00e3o \u00e9 oferecido suporte comercial nem garantia de atualiza\u00e7\u00f5es futuras.<br \/>\nO conte\u00fado e as obras criadas pelos operadores dessas p\u00e1ginas est\u00e3o sujeitos a direitos de autor. A reprodu\u00e7\u00e3o, edi\u00e7\u00e3o, distribui\u00e7\u00e3o e qualquer forma de uso que exceda os limites dos direitos de autor requerem o consentimento por escrito do respectivo autor ou criador. Downloads e c\u00f3pias desta p\u00e1gina s\u00e3o permitidos apenas para uso privado e n\u00e3o comercial.<\/p>\n<p>Na medida em que o conte\u00fado desta p\u00e1gina n\u00e3o tenha sido criado pelo operador, os direitos de autor de terceiros s\u00e3o respeitados. Em particular, o conte\u00fado de terceiros \u00e9 identificado como tal. Caso, ainda assim, voc\u00ea identifique uma viola\u00e7\u00e3o de direitos de autor, solicitamos que nos informe. Ao tomarmos conhecimento de viola\u00e7\u00f5es legais, removeremos imediatamente esse conte\u00fado.<\/p>\n<\/div><\/div><\/div><\/div><\/div><\/div><\/section>\n","protected":false},"excerpt":{"rendered":"Aviso de isen\u00e7\u00e3o de responsabilidadeResponsabilidade pelo conte\u00fado Como prestador de servi\u00e7os, somos respons\u00e1veis pelo conte\u00fado pr\u00f3prio dessas p\u00e1ginas de acordo com as leis gerais, conforme o \u00a7 7, par\u00e1grafo 1 do TMG. No entanto, de acordo com os \u00a7\u00a7 8 a 10 do TMG, como prestador de servi\u00e7os, n\u00e3o estamos obrigados a monitorar informa\u00e7\u00f5es de...","protected":false},"author":2,"featured_media":11441,"parent":0,"menu_order":0,"comment_status":"closed","ping_status":"closed","template":"","meta":{"footnotes":""},"class_list":["post-10268","page","type-page","status-publish","has-post-thumbnail","hentry"],"_links":{"self":[{"href":"https:\/\/my.onartline.com\/pt-br\/wp-json\/wp\/v2\/pages\/10268","targetHints":{"allow":["GET"]}}],"collection":[{"href":"https:\/\/my.onartline.com\/pt-br\/wp-json\/wp\/v2\/pages"}],"about":[{"href":"https:\/\/my.onartline.com\/pt-br\/wp-json\/wp\/v2\/types\/page"}],"author":[{"embeddable":true,"href":"https:\/\/my.onartline.com\/pt-br\/wp-json\/wp\/v2\/users\/2"}],"replies":[{"embeddable":true,"href":"https:\/\/my.onartline.com\/pt-br\/wp-json\/wp\/v2\/comments?post=10268"}],"version-history":[{"count":3,"href":"https:\/\/my.onartline.com\/pt-br\/wp-json\/wp\/v2\/pages\/10268\/revisions"}],"predecessor-version":[{"id":10288,"href":"https:\/\/my.onartline.com\/pt-br\/wp-json\/wp\/v2\/pages\/10268\/revisions\/10288"}],"wp:featuredmedia":[{"embeddable":true,"href":"https:\/\/my.onartline.com\/pt-br\/wp-json\/wp\/v2\/media\/11441"}],"wp:attachment":[{"href":"https:\/\/my.onartline.com\/pt-br\/wp-json\/wp\/v2\/media?parent=10268"}],"curies":[{"name":"wp","href":"https:\/\/api.w.org\/{rel}","templated":true}]}}

Isenção de responsabilidade

<section class="l-section wpb_row height_large"><div class="l-section-h i-cf"><div class="g-cols vc_row via_grid cols_1 laptops-cols_inherit tablets-cols_inherit mobiles-cols_1 valign_top type_default stacking_default"><div class="wpb_column vc_column_container"><div class="vc_column-inner"><h1 class="w-text"><span class="w-text-h"><span class="w-text-value">Aviso de isenção de responsabilidade</span></span></h1><div class="w-separator size_medium"></div><div class="wpb_text_column"><div class="wpb_wrapper"><h3>Responsabilidade pelo conteúdo</h3>
<p> Como prestador de serviços, somos responsáveis pelo conteúdo próprio dessas páginas de acordo com as leis gerais, conforme o § 7, parágrafo 1 do TMG. No entanto, de acordo com os §§ 8 a 10 do TMG, como prestador de serviços, não estamos obrigados a monitorar informações de terceiros transmitidas ou armazenadas, nem a investigar circunstâncias que indiquem atividades ilegais.<br />
As obrigações de remoção ou bloqueio do uso de informações de acordo com as leis gerais permanecem inalteradas. No entanto, qualquer responsabilidade nesse sentido só é possível a partir do momento em que tomamos conhecimento de uma violação legal concreta. Ao tomarmos conhecimento de tais violações, removeremos imediatamente esse conteúdo.</p>
</div></div><div class="w-separator size_medium"></div><div class="wpb_text_column"><div class="wpb_wrapper"><h3>Responsabilidade pelo plugin</h3>
<p> O plugin do WordPress fornecido <em>Onartline Multisite Domain Mapping</em> é fornecido sem qualquer garantia, expressa ou implícita. Isso inclui, mas não se limita a, a garantia implícita de comercialização, adequação a um propósito específico e não violação de direitos de terceiros.<br />
O autor não se responsabiliza, em nenhum caso, por danos diretos, indiretos, incidentais, especiais ou consequenciais decorrentes do uso ou da impossibilidade de uso do plugin. Isso se aplica mesmo que o autor tenha sido informado sobre a possibilidade de tais danos.</p>
</div></div><div class="w-separator size_medium"></div><div class="wpb_text_column"><div class="wpb_wrapper"><h3>Não constitui consultoria jurídica</h3>
<p> As informações contidas neste site e no plugin referem-se exclusivamente ao uso técnico do WordPress Multisite e do mapeamento de domínios. Elas não constituem consultoria jurídica, tributária ou profissional de qualquer tipo – por exemplo, em relação a obrigações de aviso legal, proteção de dados ou questões de direito de marcas relacionadas ao uso de vários domínios. Para uma implementação juridicamente segura, recomendamos que você consulte, se necessário, um profissional especializado ou um escritório de advocacia.</p>
</div></div><div class="w-separator size_medium"></div><div class="wpb_text_column"><div class="wpb_wrapper"></p>
<h3>Responsabilidade por links</h3>
<p> Nossa oferta contém links para sites externos de terceiros, sobre cujo conteúdo não temos qualquer influência. Por isso, não podemos assumir qualquer garantia para esse conteúdo de terceiros. O respectivo fornecedor ou operador das páginas vinculadas é sempre responsável pelo conteúdo das páginas vinculadas. As páginas vinculadas foram verificadas quanto a possíveis violações legais no momento da vinculação. Nenhum conteúdo ilegal era identificável no momento da vinculação.<br />
No entanto, um controle permanente do conteúdo das páginas vinculadas não é razoável sem indícios concretos de uma violação legal. Ao tomarmos conhecimento de violações legais, removeremos imediatamente esses links.</p>
</div></div><div class="w-separator size_medium"></div><div class="wpb_text_column"><div class="wpb_wrapper"><h3>Direitos de autor</h3>
<p> O plugin está licenciado sob a GPL v2. Este plugin é um projeto pessoal (hobby). Não é oferecido suporte comercial nem garantia de atualizações futuras.<br />
O conteúdo e as obras criadas pelos operadores dessas páginas estão sujeitos a direitos de autor. A reprodução, edição, distribuição e qualquer forma de uso que exceda os limites dos direitos de autor requerem o consentimento por escrito do respectivo autor ou criador. Downloads e cópias desta página são permitidos apenas para uso privado e não comercial.</p>
<p>Na medida em que o conteúdo desta página não tenha sido criado pelo operador, os direitos de autor de terceiros são respeitados. Em particular, o conteúdo de terceiros é identificado como tal. Caso, ainda assim, você identifique uma violação de direitos de autor, solicitamos que nos informe. Ao tomarmos conhecimento de violações legais, removeremos imediatamente esse conteúdo.</p>
</div></div></div></div></div></div></section>

Aviso de isenção de responsabilidadeResponsabilidade pelo conteúdo Como prestador de serviços, somos responsáveis pelo conteúdo próprio dessas páginas de acordo com as leis gerais, conforme o § 7, parágrafo 1 do TMG. No entanto, de acordo com os §§ 8 a 10 do TMG, como prestador de serviços, não estamos obrigados a monitorar informações de...
